[INFO] fetching crate ockam_macro 0.1.0...
[INFO] checking ockam_macro-0.1.0 against master#e6e4f7ed1589e03bc2f6c5931c1a72e7947e8682 for beta-170-4
[INFO] extracting crate ockam_macro 0.1.0 into /workspace/builds/worker-2-tc2/source
[INFO] validating manifest of crates.io crate ockam_macro 0.1.0 on toolchain e6e4f7ed1589e03bc2f6c5931c1a72e7947e8682
[INFO] running `Command { std: CARGO_HOME="/workspace/cargo-home" RUSTUP_HOME="/workspace/rustup-home" "/workspace/cargo-home/bin/cargo" "+e6e4f7ed1589e03bc2f6c5931c1a72e7947e8682" "metadata" "--manifest-path" "Cargo.toml" "--no-deps", kill_on_drop: false }`
[INFO] started tweaking crates.io crate ockam_macro 0.1.0
[INFO] removed 0 missing tests
[INFO] finished tweaking crates.io crate ockam_macro 0.1.0
[INFO] tweaked toml for crates.io crate ockam_macro 0.1.0 written to /workspace/builds/worker-2-tc2/source/Cargo.toml
[INFO] running `Command { std: CARGO_HOME="/workspace/cargo-home" RUSTUP_HOME="/workspace/rustup-home" __CARGO_TEST_CHANNEL_OVERRIDE_DO_NOT_USE_THIS="nightly" "/workspace/cargo-home/bin/cargo" "+e6e4f7ed1589e03bc2f6c5931c1a72e7947e8682" "generate-lockfile" "--manifest-path" "Cargo.toml" "-Zno-index-update", kill_on_drop: false }`
[INFO] running `Command { std: CARGO_HOME="/workspace/cargo-home" RUSTUP_HOME="/workspace/rustup-home" "/workspace/cargo-home/bin/cargo" "+e6e4f7ed1589e03bc2f6c5931c1a72e7947e8682" "fetch" "--manifest-path" "Cargo.toml", kill_on_drop: false }`
[INFO] running `Command { std: "docker" "create" "-v" "/var/lib/crater-agent-workspace/builds/worker-2-tc2/target:/opt/rustwide/target:rw,Z" "-v" "/var/lib/crater-agent-workspace/builds/worker-2-tc2/source:/opt/rustwide/workdir:ro,Z" "-v" "/var/lib/crater-agent-workspace/cargo-home:/opt/rustwide/cargo-home:ro,Z" "-v" "/var/lib/crater-agent-workspace/rustup-home:/opt/rustwide/rustup-home:ro,Z" "-e" "SOURCE_DIR=/opt/rustwide/workdir" "-e" "CARGO_TARGET_DIR=/opt/rustwide/target" "-e" "CARGO_HOME=/opt/rustwide/cargo-home" "-e" "RUSTUP_HOME=/opt/rustwide/rustup-home" "-w" "/opt/rustwide/workdir" "-m" "1610612736" "--user" "0:0" "--network" "none" "ghcr.io/rust-lang/crates-build-env/linux@sha256:19e73879b68f455e41552ea35293514db52ea292d993f571636dbffedb77a1ee" "/opt/rustwide/cargo-home/bin/cargo" "+e6e4f7ed1589e03bc2f6c5931c1a72e7947e8682" "metadata" "--no-deps" "--format-version=1", kill_on_drop: false }`
[INFO] [stdout] 70e8fadcd78624c8ae936edbc0dd3d261e80a282d3f7cd85ba06b8981a499f2b
[INFO] running `Command { std: "docker" "start" "-a" "70e8fadcd78624c8ae936edbc0dd3d261e80a282d3f7cd85ba06b8981a499f2b", kill_on_drop: false }`
[INFO] running `Command { std: "docker" "inspect" "70e8fadcd78624c8ae936edbc0dd3d261e80a282d3f7cd85ba06b8981a499f2b", kill_on_drop: false }`
[INFO] running `Command { std: "docker" "rm" "-f" "70e8fadcd78624c8ae936edbc0dd3d261e80a282d3f7cd85ba06b8981a499f2b", kill_on_drop: false }`
[INFO] [stdout] 70e8fadcd78624c8ae936edbc0dd3d261e80a282d3f7cd85ba06b8981a499f2b
[INFO] running `Command { std: "docker" "create" "-v" "/var/lib/crater-agent-workspace/builds/worker-2-tc2/target:/opt/rustwide/target:rw,Z" "-v" "/var/lib/crater-agent-workspace/builds/worker-2-tc2/source:/opt/rustwide/workdir:ro,Z" "-v" "/var/lib/crater-agent-workspace/cargo-home:/opt/rustwide/cargo-home:ro,Z" "-v" "/var/lib/crater-agent-workspace/rustup-home:/opt/rustwide/rustup-home:ro,Z" "-e" "SOURCE_DIR=/opt/rustwide/workdir" "-e" "CARGO_TARGET_DIR=/opt/rustwide/target" "-e" "CARGO_INCREMENTAL=0" "-e" "RUST_BACKTRACE=full" "-e" "RUSTFLAGS=--cap-lints=forbid" "-e" "RUSTDOCFLAGS=--cap-lints=forbid" "-e" "CARGO_HOME=/opt/rustwide/cargo-home" "-e" "RUSTUP_HOME=/opt/rustwide/rustup-home" "-w" "/opt/rustwide/workdir" "-m" "1610612736" "--user" "0:0" "--network" "none" "ghcr.io/rust-lang/crates-build-env/linux@sha256:19e73879b68f455e41552ea35293514db52ea292d993f571636dbffedb77a1ee" "/opt/rustwide/cargo-home/bin/cargo" "+e6e4f7ed1589e03bc2f6c5931c1a72e7947e8682" "check" "--frozen" "--all" "--all-targets" "--message-format=json", kill_on_drop: false }`
[INFO] [stdout] 26a11a5e555793a9347d5fcce19bb6302bfecfb386498bb3dee7c84357ab0903
[INFO] running `Command { std: "docker" "start" "-a" "26a11a5e555793a9347d5fcce19bb6302bfecfb386498bb3dee7c84357ab0903", kill_on_drop: false }`
[INFO] [stderr]    Compiling proc-macro2 v1.0.59
[INFO] [stderr]    Compiling syn v1.0.109
[INFO] [stderr]    Compiling trybuild v1.0.80
[INFO] [stderr]     Checking glob v0.3.1
[INFO] [stderr]     Checking basic-toml v0.1.2
[INFO] [stderr]     Checking quote v1.0.28
[INFO] [stderr]    Compiling syn v2.0.18
[INFO] [stderr]     Checking ockam_macro v0.1.0 (/opt/rustwide/workdir)
[INFO] [stderr]    Compiling serde_derive v1.0.163
[INFO] [stdout] error[E0433]: failed to resolve: use of undeclared crate or module `ockam_core`
[INFO] [stdout]  --> tests/test.rs:2:10
[INFO] [stdout]   |
[INFO] [stdout] 2 | #[derive(AsyncTryClone)]
[INFO] [stdout]   |          ^^^^^^^^^^^^^ use of undeclared crate or module `ockam_core`
[INFO] [stdout]   |
[INFO] [stdout]   = note: this error originates in the derive macro `AsyncTryClone` (in Nightly builds, run with -Z macro-backtrace for more info)
[INFO] [stdout] 
[INFO] [stdout] 
[INFO] [stdout] error[E0433]: failed to resolve: use of undeclared crate or module `ockam_core`
[INFO] [stdout]  --> tests/test.rs:6:10
[INFO] [stdout]   |
[INFO] [stdout] 6 | #[derive(AsyncTryClone)]
[INFO] [stdout]   |          ^^^^^^^^^^^^^ use of undeclared crate or module `ockam_core`
[INFO] [stdout]   |
[INFO] [stdout]   = note: this error originates in the derive macro `AsyncTryClone` (in Nightly builds, run with -Z macro-backtrace for more info)
[INFO] [stdout] 
[INFO] [stdout] 
[INFO] [stdout] error[E0433]: failed to resolve: use of undeclared crate or module `ockam_core`
[INFO] [stdout]   --> tests/test.rs:12:10
[INFO] [stdout]    |
[INFO] [stdout] 12 | #[derive(AsyncTryClone)]
[INFO] [stdout]    |          ^^^^^^^^^^^^^ use of undeclared crate or module `ockam_core`
[INFO] [stdout]    |
[INFO] [stdout]    = note: this error originates in the derive macro `AsyncTryClone` (in Nightly builds, run with -Z macro-backtrace for more info)
[INFO] [stdout] 
[INFO] [stdout] 
[INFO] [stdout] error[E0433]: failed to resolve: use of undeclared crate or module `ockam_core`
[INFO] [stdout]   --> tests/test.rs:17:19
[INFO] [stdout]    |
[INFO] [stdout] 17 | fn assert_impl<T: ockam_core::traits::AsyncTryClone>() {}
[INFO] [stdout]    |                   ^^^^^^^^^^ use of undeclared crate or module `ockam_core`
[INFO] [stdout] 
[INFO] [stdout] 
[INFO] [stdout] error[E0706]: functions in traits cannot be declared `async`
[INFO] [stdout]  --> tests/test.rs:2:10
[INFO] [stdout]   |
[INFO] [stdout] 2 | #[derive(AsyncTryClone)]
[INFO] [stdout]   |          ^^^^^^^^^^^^^ `async` because of this
[INFO] [stdout]   |
[INFO] [stdout]   = note: `async` trait functions are not currently supported
[INFO] [stdout]   = note: consider using the `async-trait` crate: https://crates.io/crates/async-trait
[INFO] [stdout]   = note: see issue #91611 <https://github.com/rust-lang/rust/issues/91611> for more information
[INFO] [stdout]   = help: add `#![feature(async_fn_in_trait)]` to the crate attributes to enable
[INFO] [stdout]   = note: this error originates in the derive macro `AsyncTryClone` (in Nightly builds, run with -Z macro-backtrace for more info)
[INFO] [stdout] 
[INFO] [stdout] 
[INFO] [stdout] error[E0706]: functions in traits cannot be declared `async`
[INFO] [stdout]  --> tests/test.rs:6:10
[INFO] [stdout]   |
[INFO] [stdout] 6 | #[derive(AsyncTryClone)]
[INFO] [stdout]   |          ^^^^^^^^^^^^^ `async` because of this
[INFO] [stdout]   |
[INFO] [stdout]   = note: `async` trait functions are not currently supported
[INFO] [stdout]   = note: consider using the `async-trait` crate: https://crates.io/crates/async-trait
[INFO] [stdout]   = note: see issue #91611 <https://github.com/rust-lang/rust/issues/91611> for more information
[INFO] [stdout]   = help: add `#![feature(async_fn_in_trait)]` to the crate attributes to enable
[INFO] [stdout]   = note: this error originates in the derive macro `AsyncTryClone` (in Nightly builds, run with -Z macro-backtrace for more info)
[INFO] [stdout] 
[INFO] [stdout] 
[INFO] [stdout] error[E0706]: functions in traits cannot be declared `async`
[INFO] [stdout]   --> tests/test.rs:12:10
[INFO] [stdout]    |
[INFO] [stdout] 12 | #[derive(AsyncTryClone)]
[INFO] [stdout]    |          ^^^^^^^^^^^^^ `async` because of this
[INFO] [stdout]    |
[INFO] [stdout]    = note: `async` trait functions are not currently supported
[INFO] [stdout]    = note: consider using the `async-trait` crate: https://crates.io/crates/async-trait
[INFO] [stdout]    = note: see issue #91611 <https://github.com/rust-lang/rust/issues/91611> for more information
[INFO] [stdout]    = help: add `#![feature(async_fn_in_trait)]` to the crate attributes to enable
[INFO] [stdout]    = note: this error originates in the derive macro `AsyncTryClone` (in Nightly builds, run with -Z macro-backtrace for more info)
[INFO] [stdout] 
[INFO] [stdout] 
[INFO] [stdout] error: aborting due to 7 previous errors
[INFO] [stdout] 
[INFO] [stdout] 
[INFO] [stdout] Some errors have detailed explanations: E0433, E0706.
[INFO] [stdout] 
[INFO] [stdout] For more information about an error, try `rustc --explain E0433`.
[INFO] [stdout] 
[INFO] [stderr] error: could not compile `ockam_macro` (test "test") due to 8 previous errors
[INFO] [stderr] warning: build failed, waiting for other jobs to finish...
[INFO] running `Command { std: "docker" "inspect" "26a11a5e555793a9347d5fcce19bb6302bfecfb386498bb3dee7c84357ab0903", kill_on_drop: false }`
[INFO] running `Command { std: "docker" "rm" "-f" "26a11a5e555793a9347d5fcce19bb6302bfecfb386498bb3dee7c84357ab0903", kill_on_drop: false }`
[INFO] [stdout] 26a11a5e555793a9347d5fcce19bb6302bfecfb386498bb3dee7c84357ab0903
